?
True
Suppose -4*n - 2*b + 18 = 0, -4*b + 11 = -1. Suppose -4*u + 13120 = x, -3*u = 2*x + n*x - 9857. Is u composite?
True
Suppose -6*o + 9 = -57. Suppose 6007 = o*u - 10*u. Is u a composite number?
False
Suppose 0 = 15*y - 10*y - 5. Let f(v) = 1617*v**2 + 23*v - 22. Is f(y) prime?
False
Let g(v) be the third derivative of -v**6/60 + 2*v**5/15 + v**4/8 + 2*v**3/3 - 22*v**2. Let j be g(5). Let y = j - -37. Is y a composite number?
True
Let g = -159561 + 456470. Is g a composite number?
False
Suppose -62*g - 83460 = -72*g. Let k(d) = -5*d - 17. Let a be k(-6). Suppose 84071 = a*z - g. Is z prime?
True
Suppose -3*h - 1262 = -13022. Suppose -33*c = -38*c + h. Let m = c + -522. Is m a prime number?
False
Suppose -5*c = 3*y - 5245, -6 = -3*y + 9. Let v = c - -1661. Is v a prime number?
True
Let t be (-11)/572*-8 - 80/13. Is (9/t)/((-45)/11370) a composite number?
False
Let q be 18/(-99) + 1 + (-32382)/11. Let i = -7441 - -11577. Let d = i + q. Is d a prime number?
True
Suppose 0 = -3*p + 3*f + 647658, 3*f + 245013 + 186752 = 2*p. Is p a prime number?
True
Suppose -2*a + 16034 = 4*c, 5*a + 14087 + 5933 = 5*c. Is c a composite number?
False
Let b(w) = -w**3 - 28*w**2 + 78*w + 166. Is b(-37) prime?
True
Let x = -685791 - -1552792. Is x composite?
False
Let q be -9 + 13 - (1 + -1). Let p be (-27 + 23)*(-1 - 1/q). Suppose p*h + 10*m - 5*m = 4375, 4*h + 5*m = 3496. Is h a composite number?
True
Suppose -133*d + 137*d = -5*z + 281917, -3*d + 5*z + 211464 = 0. Is d a prime number?
False
Let o be (-3)/(6/(-5)) - (68/(-8) - -9). Suppose 2*k - 5*g = -0*g + 284, -2*k - 3*g + 284 = 0. Suppose 0*f - n = -2*f + k, -f + 77 = -o*n. Is f prime?
False
Let b = 3153913 + -1899948. Is b a composite number?
True
Let z(m) = -6*m + 126. Let l be z(28). Let y(p) = 17*p**2 - 26*p - 67. Is y(l) a prime number?
True
Let r = 121 + -127. Let q be r/3*(10 + -13). Suppose -q*d = -9162 - 576. Is d composite?
True
Suppose 5*d - 40805 = 3*c, 6464 = d + 4*c - 1697. Suppose -1584 = -5*s + d. Is s a prime number?
True
Let r be (2/(-12)*2)/((-8)/(-48)). Let j(w) = -3437*w**3 + 3*w**2 + 4*w + 5. Is j(r) a composite number?
True
Let r be 1812941/78 + (-2)/(-12). Suppose t - 5*t - 3*o = -r, -5*t + 29060 = 5*o. Is t prime?
True
Let k = -14 + -38. Let z = k + 57. Suppose 918 = z*i - 967. Is i a prime number?
False
Suppose 2773 = u - 2*g, -5*u = -97*g + 92*g - 13875. Is u prime?
True
Let r = -157 - -102. Let i = -57 - r. Is (-6)/i - (-660)/(5 - 2) prime?
True
Let s(q) = 23*q**2 - 20*q - 4. Suppose -2*d - 42 = 2*w, 2*d = -2*w + 7*d - 14. Is s(w) composite?
False
Suppose -h = -3*s + 3, s = -5*h + 5 - 4. Suppose 7*l + 2*l - 20367 = h. Is l a composite number?
True
Is 1 + (36327 - (-9 + 20)) prime?
False
Is (5*(-2)/(-10))/((-4026988)/805399 + 5) a prime number?
True
Suppose 4*b - 847 = 3*h, -2*b + 270 = -3*h - 161. Suppose 206*i - b*i + 1222 = 0. Is i prime?
False
Let z(f) = f**2 - f - 1. Let h be z(3). Let m be 40655/(-346)*(-68)/10. Suppose t = -5*k + h*t + m, -3*k + 476 = t. Is k composite?
True
Let l(h) = 4*h**2 + 139*h - 581. Is l(98) a composite number?
True
Suppose 64*g + 2*g - 460438 = 638396. Is g a composite number?
False
Suppose 0 = -97*l - 54*l + 7294961. Is l prime?
True
Let j = -3400 + 5785. Let y = -1546 + j. Is y a prime number?
True
Let z be ((-1)/(-3))/(-1) - (-32)/6. Suppose 208348 = 3*j - z*h, 3*h - 413491 + 66199 = -5*j. Is (-1)/(-2) + j/32 a prime number?
False
Let m = 55001 - 36784. Suppose 123*c - 122*c - m = 0. Is c composite?
False
Suppose 5*j = -c + 4245, 3*c + j - 12667 = 3*j. Suppose -3*r - c = -15802. Is r a prime number?
False
Is (-3)/39 - 3487024/(-104) a prime number?
True
Let s = -478830 - -767629. Is s prime?
False
Let c(p) = 1060545*p**2 - 34*p - 3. Is c(2) composite?
False
Suppose 3005520 + 2029785 = 15*p. Is p a prime number?
False
Let f be (-7)/(-42)*6 + (-2)/(-1). Suppose -5*b = 2*t - 6249 - 525, 4*t - 13496 = f*b. Is t prime?
False
Let n = 13015 + -5495. Let a = n - 1071. Is a a composite number?
False
Let n(t) = -t**3 + t**2 + 8*t - 5. Let s be n(-4). Let g = 274 - s. Suppose g = 4*l - 613. Is l composite?
False
Suppose -12*y - 747500 = -22*y. Suppose -9579 = -7*c + y. Is c a prime number?
False
Suppose -5*q - 20*q + 121000 = 0. Let k = q - 449. Is k prime?
True
Let l = 44159 + 37938. Is l prime?
False
Let g = -24 + 5899. Let c = -3159 + g. Suppose -c = -3*a - 319. Is a composite?
True
Suppose 0 = 90*d - 93*d + 2*u + 530725, -5*d + 884545 = -4*u. Is d prime?
False
Let o = -220 + 206. Is 1*((-8)/o + 1857/21) a composite number?
False
Suppose -12*b + 14*b - 66021 = -5*d, d = -5*b + 165064. Is b composite?
False
Let m = 6909 - 4111. Let n = m - 1187. Suppose -5340 = -3*y + n. Is y composite?
True
Suppose -4*x - 5708947 - 3151201 = -4*l, -3*l + 15 = 0. Is x/(-153) - 2/6 a prime number?
False
Suppose -2*h + 52 - 138 = 0. Suppose -4*y - 2*s + 2152 = 0, -5*s = -5*y - 9*s + 2684. Let g = y - h. Is g composite?
True
Suppose 5*x = -r - 283 - 78, -x = -4*r - 1507. Let i(z) = -z**3 + 29*z**2 - 19*z - 65. Let h be i(28). Let q = h - r. Is q a prime number?
True
Let d = 255 + -250. Suppose -2*p + d*w + 3595 = 924, -p + w = -1340. Is p prime?
False
Suppose -a - 5*j = -21844, -2*a - 2*j - 2113 = -45777. Is a composite?
True
Suppose -c = 4*n - 31, 0 = -2*c - c + 2*n + 93. Is (-3 - 334)*3*c/(-93) a prime number?
True
Let g(h) = 25*h**2 + 3*h + 9. Let f = 118 - 82. Suppose -5*x + 4*d - f = 0, -4*d + 8 = 2*x - 0*d. Is g(x) a prime number?
True
Suppose 3*w - 66 = -2*v, -3*v + 5 = 3*w - 58. Suppose -16*r - 110 = 5*s - 11*r, s + 24 = -2*r. Is 2/(w/s)*-93 a prime number?
False
Let g = 8 + -8. Suppose g*q + 1021 = 4*n - 5*q, 0 = -3*n - 2*q + 737. Is n a prime number?
False
Let u(q) = -q**2 + 161*q - 1073. Is u(91) a composite number?
False
Suppose 3*r = 24 - 12. Let l(o) = -2*o + 831. Let n(k) = 4*k - 1661. Let s(z) = r*n(z) + 9*l(z). Is s(0) composite?
True
Suppose 0 = -x + t + 309370, x + 877*t - 874*t = 309358. Is x a composite number?
False
Suppose -10*a + 11*a = -2*p + 449935, 5*a - 5*p - 2249630 = 0. Is a a prime number?
True
Suppose -5*m + 30*m - 3298175 = 0. Is m prime?
True
Let i = -40 + 32. Let j be i - -7 - (36 + 2). Let k = 76 + j. Is k a prime number?
True
Suppose 17251*c = 17316*c - 95252885. Is c a composite number?
True
Is (3 + (-2080)/(-6))*2/(2/381) a composite number?
True
Let g = -2053477 + 2916074. Is g composite?
True
Let n(r) = -7*r**2 + 2*r - 69. Let d(l) = -l**2 + l - 1. Let f(u) = d(u) - n(u). Is f(7) a prime number?
False
Let o be (40/3)/(58/261). Let z = o + -58. Suppose 4 = -4*q, z*q = 4*f - 2302 - 672. Is f composite?
False
Let a = -1055 - -629. Let v be 9/((-36)/4) - (1 - -210). Let o = v - a. Is o composite?
True
Suppose -26050 = -5*b + 1387*z - 1392*z, 3*z + 26114 = 5*b. Is b a prime number?
False
Let f(y) = -1955*y + 96. Let w be f(5). Let a = -4980 - w. Is a prime?
False
Let w = -22 + 88. Let h = 66 - w. Suppose -17*o + 1187 + 3794 = h. Is o a composite number?
False
Let y = 87 - 74. Suppose 4*t + y + 11 = 0. Is ((-2252)/(-2))/(2 - (6 + t)) a composite number?
False
Let c(q) = q**3 - 21*q**2 - 21*q - 2. Let r be c(21). Suppose 0 = -3*h - 14 - 1897. Let j = r - h. Is j composite?
True
Let n(t) = -258*t + 70271. Is n(0) a prime number?
True
Let s = 1380 + -2674. Let b = 5085 + s. Is b composite?
True
Let d = 189325 + -124368. Is d composite?
True
Suppose -2*k = 2*m - 80, m + 4*k + 92 = 4*m. Let x be ((-1621)/3)/(-4*3/m). Suppose -4*y + x = -y - 2*g, 3*y + g = 1624. Is y a composite number?
False
Suppose -29 = -0*c - 2*c + a, -5*a + 65 = 5*c. Is 13881/c - 4/8 a composite number?
False
Let d = 608 + -161. Is (10 - 12)/(-1 + 0) + d a prime number?
True
Suppose r - 42*n - 326446 = -39*n, 652868 = 2*r + 2*n. Is r a prime number?
True
Suppose 9 = -2*x + 2*m + 55, -2*x + 5*m = -46. Suppose -27*p = -x*p + 4. Is 88116/63 - (p + (-4)/(-6)) a composite number?
False
Suppose d = b - 60589, -3*d - 50695 - 70483 = -2*b. Is b composite?
False
Let j = 435352 + -200367. Is j a prime number?
False
Let w(v) = 2*v**2 + v + 290. Let k = -28 + 28. Let n be w(k). Let h = 559 - n. Is h prime?
True
Suppose -1241628 = -443*h + 431*h. Is h prime?
False
Let x(f) = f**2 + 3*f + 8. Let k be x(0). Suppose 1 = k*c - 9*c. Is (0 - -1507)*(c - -2) a composite number?
True
Let t